{"id":218,"date":"2018-01-31T17:30:24","date_gmt":"2018-01-31T17:30:24","guid":{"rendered":"http:\/\/sandraspindler.de\/?page_id=218"},"modified":"2022-01-26T12:25:08","modified_gmt":"2022-01-26T12:25:08","slug":"impressum","status":"publish","type":"page","link":"http:\/\/sandraspindler.de\/index.php\/impressum\/","title":{"rendered":"KONTAKT \/ IMPRESSUM"},"content":{"rendered":"<p style=\"text-align: center;\"><strong>Sandra Spindler | Designquartier | F*ART<br \/>\n<\/strong><\/p>\n<p style=\"text-align: center;\">Johann-Meyer-Str. 3<\/p>\n<p style=\"text-align: center;\">01097 Dresden<\/p>\n<p style=\"text-align: center;\">info (at) sandraspindler.de<\/p>\n<p style=\"text-align: center;\">0351 27 51 03 39<\/p>\n<h3 style=\"text-align: center;\">Haftungshinweis:<\/h3>\n<p style=\"text-align: center;\">Trotz sorgf\u00e4ltiger inhaltlicher Kontrolle k\u00f6nnen wir keine Haftung f\u00fcr die Inhalte externer Links \u00fcbernehmen.<br \/>\nF\u00fcr den Inhalt der verlinkten Webseiten sind ausschliesslich deren Betreibende verantwortlich.<\/p>\n<p style=\"text-align: center;\">Verantwortliche gem. \u00a7 55 Abs. 2 RStV: Sandra Spindler, Anschrift wie oben.<\/p>\n","protected":false},"excerpt":{"rendered":"<p>Sandra Spindler | Designquartier | F*ART Johann-Meyer-Str. 3 01097 Dresden info (at) sandraspindler.de 0351 27 51 03 39 Haftungshinweis: Trotz sorgf\u00e4ltiger inhaltlicher Kontrolle k\u00f6nnen wir keine Haftung f\u00fcr die Inhalte externer Links \u00fcbernehmen. F\u00fcr den Inhalt der verlinkten Webseiten sind ausschliesslich deren Betreibende verantwortlich. Verantwortliche gem. \u00a7 55 Abs. 2 RStV: Sandra Spindler, Anschrift wie [&hellip;]<\/p>\n","protected":false},"author":1,"featured_media":0,"parent":0,"menu_order":0,"comment_status":"closed","ping_status":"closed","template":"","meta":[],"_links":{"self":[{"href":"http:\/\/sandraspindler.de\/index.php\/wp-json\/wp\/v2\/pages\/218"}],"collection":[{"href":"http:\/\/sandraspindler.de\/index.php\/wp-json\/wp\/v2\/pages"}],"about":[{"href":"http:\/\/sandraspindler.de\/index.php\/wp-json\/wp\/v2\/types\/page"}],"author":[{"embeddable":true,"href":"http:\/\/sandraspindler.de\/index.php\/wp-json\/wp\/v2\/users\/1"}],"replies":[{"embeddable":true,"href":"http:\/\/sandraspindler.de\/index.php\/wp-json\/wp\/v2\/comments?post=218"}],"version-history":[{"count":11,"href":"http:\/\/sandraspindler.de\/index.php\/wp-json\/wp\/v2\/pages\/218\/revisions"}],"predecessor-version":[{"id":279,"href":"http:\/\/sandraspindler.de\/index.php\/wp-json\/wp\/v2\/pages\/218\/revisions\/279"}],"wp:attachment":[{"href":"http:\/\/sandraspindler.de\/index.php\/wp-json\/wp\/v2\/media?parent=218"}],"curies":[{"name":"wp","href":"https:\/\/api.w.org\/{rel}","templated":true}]}}